ed by d.
1
Suppose 0 = 4*t + 5*r - 50 + 18, 2*t - 2*r + 2 = 0. Suppose -t*m + 135 = 5*l, -3*m + 7*m + 80 = 2*l. Calculate the remainder when 200/15*l/4 is divided by 26.
22
Let o = 3512 - 3313. What is the remainder when 1392 is divided by o?
198
Let s(x) = 74*x - 861. Calculate the remainder when 327 is divided by s(14).
152
Let s(l) = l**2 - 23*l + 16. Let x(h) = -h**2 + 41*h - 16. Let n be x(40). Calculate the remainder when 477 is divided by s(n).
37
Let u = 5074 + -5005. What is the remainder when 821 is divided by u?
62
Let d(l) = -l**3 - 101*l**2 - 62*l - 6243. What is the remainder when (-570)/9*(-24)/10 is divided by d(-101)?
0
Suppose 2*g - 462 = -4*t - 0*t, -5*t = -2*g - 564. Calculate the remainder when 378 is divided by t.
36
Let r be 7/7 + 6 + (-1 - 3). Suppose -4*m = 5*q - 6, -r*q - 1 = -4*q - m. What is the remainder when 63 is divided by q?
1
Let f be (-4)/18 - 172/36. Let x = -24459 - -24497. Calculate the remainder when x is divided by 25*(8/f - -2).
8
Suppose 0 = d + 6, -4*r + 3*d + 91 + 191 = 0. What is the remainder when 266 is divided by r?
2
Let y(z) = -4*z**3 - 10*z**2 + 5*z - 21. Let s(t) = t**3 - 2*t - 1. Let k(c) = -3*s(c) - y(c). Calculate the remainder when k(-10) is divided by 10*(-2)/(-2*2).
4
Let x be 18/42 + 295/(-35). Let r(m) = m + 8. Calculate the remainder when ((-6)/x)/(-4 - 2023/(-504)) is divided by r(0).
6
Let s = 163 - 167. What is the remainder when (8 - 20)/(-6)*(-1082)/s is divided by 68?
65
Suppose -x = -3, -4*k + x + 1073 + 184 = 0. Calculate the remainder when 1574 is divided by k.
314
Suppose 15263 = 146*f - 124*f - 13535. What is the remainder when f is divided by 167?
140
Let l = 1799 - 1781. What is the remainder when 426 is divided by l?
12
Suppose -12*s - 193 = -2737. What is the remainder when 609 is divided by s?
185
Let f(m) be the first derivative of 7*m**3/3 - 3*m**2 + 3*m - 4. Let n(h) = -41*h - 121. Let l be n(-3). What is the remainder when 113 is divided by f(l)?
18
Let r = 1 - 0. Let z(c) = -c**3 + 10*c**2 + 2. Let p be z(10). Suppose q - p*y = 3*y + 26, 4*q = 5*y + 29. What is the remainder when r is divided by q?
0
Suppose 22*o + 37887 = 241*o. What is the remainder when o is divided by 25?
23
Let l(w) = 10*w**2 + 14*w - 171. Calculate the remainder when l(-8) is divided by 37.
24
Suppose -w + 105 - 396 = -4*j, -2*j + w = -145. Calculate the remainder when 154 is divided by j.
8
Suppose -5*c = 21*s - 25*s - 726, 3*c - 4*s = 426. Calculate the remainder when c is divided by 55.
40
Suppose 36*p - 30*p - 378 = 0. Suppose 57*f + 210 = p*f. Calculate the remainder when (-4)/(-10) - 1539/(-15) is divided by f.
33
Suppose 15*l - 3*w - 45 = 13*l, -3*l = -5*w - 68. Let a(d) = -2*d**3 + 44*d**2 - 28*d + 24. What is the remainder when a(l) is divided by 80?
78
Let l = 7411 + -7403. What is the remainder when 1822 is divided by l?
6
Let i(d) = 790*d - 296. What is the remainder when i(1) is divided by 26?
0
Let h = 20 - 8. Let b(f) = f**2 + 13*f - 5. Let l(v) = -v**2 - 26*v + 12. Let p(i) = 5*b(i) + 3*l(i). Calculate the remainder when p(h) is divided by 49.
45
Let w(o) = 3*o - 2. Let q(u) = -3487*u - 17258. What is the remainder when q(-5) is divided by w(5)?
8
Let k = 10130 - 8667. What is the remainder when k is divided by 6?
5
Suppose -4*i = -114 - 54. Let s(u) = -4871*u - 145924. What is the remainder when s(-30) is divided by i?
38
Let m = 45 + -39. Suppose 5*v = 7*v - m. Suppose 3*a = 2*z - 63, -z + 39 = -v*a - a. What is the remainder when 77 is divided by z?
23
Let i = -1455 - -1547. Suppose 4*s = 3*x - 97, 0 = 5*x + s - 4*s - 147. Calculate the remainder when i is divided by x.
11
Suppose 1380 = 78*k + 13*k - 4626. Calculate the remainder when 489 is divided by k.
27
Suppose 376 = -8*n - 8. Let x = -23 - n. Suppose 0 = 5*u - 30 - x. Calculate the remainder when 42 is divided by u.
9
Suppose 173*y - 2339105 = 1241229 - 1095881. What is the remainder when y is divided by 36?
33
Suppose -6*u + 2*u - 3*o = -227, o - 113 = -2*u. Let p = u - -138. Calculate the remainder when p is divided by 33.
29
Calculate the remainder when (-1 - 64/(-56)) + (-54750)/(-175) is divided by 9.
7
Suppose -2*c - 4*a + 53 = -127, 5*c + 4*a - 480 = 0. Calculate the remainder when 157 is divided by c.
57
What is the remainder when ((-5110)/(-21))/((-6)/(-27)) is divided by 38?
31
Let t be (6/(-2))/(12/20). What is the remainder when (-2)/10 - 231/t is divided by 29?
17
Let w = 47 - 8. What is the remainder when w is divided by ((-400)/15)/16*(-63)/15?
4
Suppose -6*y + 3 = -5*y. Suppose 0 = -y*l + l - 5*p - 25, 5*p + 25 = 0. What is the remainder when l + 2 + 1 - (1 - 52) is divided by 19?
16
Suppose -3*k - 2*i + 1588 = 0, -2*k - 2*i + 532 = -k. Let l = -376 + k. What is the remainder when l is divided by 27?
17
Let t(x) = -5 - 13 + 5 - 153*x. Calculate the remainder when t(-1) is divided by 24.
20
Calculate the remainder when ((-1)/((-15)/852))/(54/135) is divided by 21.
16
Suppose -4*x + q - 2*q = -403, -4*q = 2*x - 212. Let v(w) = -w**2 + 19*w - 62. What is the remainder when x is divided by v(8)?
22
Suppose -4*z - 5*i = -795 + 72, 2*z - 3*i - 345 = 0. Calculate the remainder when z is divided by 57.
6
Suppose 4*n + 17 = -3*l + 252, 5*l - n = 384. Let k be (12/(-20))/((-30)/200). Suppose -3*c - k*c = -l. Calculate the remainder when 21 is divided by c.
10
Let c = 20503 - 20458. Calculate the remainder when 3777 is divided by c.
42
Let o(c) = -14*c - 2. Let n be o(-3). Let x be 44 - 1 - 2*-1. Let t = x - n. What is the remainder when 20 is divided by t?
0
Suppose v - 117 = y, 4*v = -36*y + 34*y + 510. What is the remainder when 368 is divided by v?
120
Let v = 2551 + -1349. Suppose 5*d - v = 3*j, 4*d + 7*j - 936 = 3*j. Calculate the remainder when d is divided by 40.
38
Let y(u) = -2*u**3 - 57*u**2 - 4*u - 405. What is the remainder when y(-29) is divided by 13?
6
Suppose 6*s - 205 + 31 = 0. What is the remainder when 579 is divided by s?
28
Let d = -274 - -279. Suppose -2*z = -4*k - 6*z + 8, -k + z = -4. What is the remainder when d is divided by k?
2
Let t(i) = i**2 - 8*i + 2. Let r = 7 - 4. Let v(a) = a**3 - 4*a**2 + 4*a + 1. What is the remainder when v(r) is divided by t(8)?
0
Let k be (2 + (-114)/(-12))*8. Let y = -62 + k. What is the remainder when 149 is divided by y?
29
Suppose -2*g + 2*p + 36 = 0, 4*g - 17*p - 81 = -22*p. Suppose -3*v + 99 = -4*t, v + t - 24 = 9. Calculate the remainder when v is divided by g.
14
Let s be (-50)/(-4)*(-144)/(-45). Suppose -31 = -l + s. What is the remainder when l is divided by 20?
11
Let m = -8 + 37. Suppose -48 = -3*q + 7*q + 4*i, q + 12 = 5*i. Calculate the remainder when m is divided by q*9/(-6) - 2.
13
Let i(h) = -h**2 + 12*h - 8. Let c be 2/(-3) + (-1024)/(-96). What is the remainder when 179 is divided by i(c)?
11
Let o(c) = 5*c - 313. Let k be o(0). Let i = k - -338. Calculate the remainder when i is divided by 7.
4
Calculate the remainder when 445/3 - (-3)/(-9) is divided by -120*10/(-120) - 9/(-4 + 1).
5
Suppose 0 = -g - 2*g + 24. Let u be ((-2)/((-2)/(-15)))/(20/(-120)). Suppose 0*p = -6*p + u. What is the remainder when p is divided by g?
7
Suppose -5*o + 1752 = -4*j + 6*j, 4*o + 3*j = 1403. Let g = o + -221. Calculate the remainder when g is divided by 36.
21
Let t = 638 - -476. What is the remainder when t is divided by 9?
7
Let i = -1296 + 1318. What is the remainder when 1010 is divided by i?
20
Let q(g) = g**2 - g + 6. Let a(c) = -2*c**3 + 11*c**2 + 10*c - 21. Let x = -112 + 118. What is the remainder when q(0) is divided by a(x)?
0
Let c = 19 - 8. Let f = -78765 - -79389. What is the remainder when f is divided by c?
8
Let k(d) = -55*d - 2192. Calculate the remainder when 8260 is divided by k(-40).
4
Let c(j) = j**3 - 13*j**2 + 58*j + 20. What is the remainder when c(7) is divided by 49?
34
Suppose -f - 34 = -p, 14*p - 18*p + 5*f + 142 = 0. Calculate the remainder when 219 is divided by p.
23
Suppose 118*v - 13*v - 18527 - 85528 = 0. What is the remainder when v is divided by 15?
1
Let p(v) = 4*v**2 + 14*v + 47. Let j be p(12). Suppose -j - 304 = -3*n. Suppose n = 3*x + 8. Calculate the remainder when x is divided by 11.
9
Let d be ((-230)/(-25))/((-10)/(-25)). Let y = d - -3. What is the remainder when y is divided by 14?
12
Let q = -199 + 